
2, 23, 43
List the prime factors of 3877.
3877
List the prime factors of 14621.
14621
What are the prime factors of 200?
2, 5
What are the prime factors of 13706?
2, 7, 11, 89
What are the prime factors of 6662?
2, 3331
What are the prime factors of 27350?
2, 5, 547
List the prime factors of 1220.
2, 5, 61
List the prime factors of 7759.
7759
List the prime factors of 25424.
2, 7, 227
List the prime factors of 1134.
2, 3, 7
What are the prime factors of 147?
3, 7
What are the prime factors of 1533?
3, 7, 73
What are the prime factors of 1760?
2, 5, 11
What are the prime factors of 2685?
3, 5, 179
What are the prime factors of 87862?
2, 197, 223
What are the prime factors of 155?
5, 31
What are the prime factors of 4216?
2, 17, 31
List the prime factors of 403.
13, 31
List the prime factors of 2207.
2207
What are the prime factors of 27455?
5, 17, 19
What are the prime factors of 14464?
2, 113
List the prime factors of 52370.
2, 5, 5237
What are the prime factors of 4472?
2, 13, 43
What are the prime factors of 11037?
3, 13, 283
What are the prime factors of 120586?
2, 60293
List the prime factors of 3887.
13, 23
List the prime factors of 6570.
2, 3, 5, 73
List the prime factors of 76459.
157, 487
List the prime factors of 4565.
5, 11, 83
What are the prime factors of 3277?
29, 113
List the prime factors of 108571.
108571
List the prime factors of 19796.
2, 7, 101
What are the prime factors of 2207?
2207
What are the prime factors of 16788?
2, 3, 1399
What are the prime factors of 1945?
5, 389
What are the prime factors of 13527?
3, 167
What are the prime factors of 644?
2, 7, 23
What are the prime factors of 77037?
3, 25679
What are the prime factors of 34896?
2, 3, 727
List the prime factors of 1378.
2, 13, 53
List the prime factors of 2257.
37, 61
What are the prime factors of 507?
3, 13
List the prime factors of 29822.
2, 13, 31, 37
List the prime factors of 51021.
3, 5669
List the prime factors of 1042.
2, 521
List the prime factors of 89027.
127, 701
What are the prime factors of 33990?
2, 3, 5, 11, 103
List the prime factors of 21471.
3, 17, 421
List the prime factors of 32062.
2, 17, 23, 41
What are the prime factors of 56683?
11, 5153
List the prime factors of 574.
2, 7, 41
What are the prime factors of 2039?
2039
What are the prime factors of 2727?
3, 101
List the prime factors of 6659.
6659
List the prime factors of 10126.
2, 61, 83
List the prime factors of 17750.
2, 5, 71
List the prime factors of 17333.
17333
What are the prime factors of 55296?
2, 3
What are the prime factors of 5346?
2, 3, 11
List the prime factors of 29882.
2, 67, 223
List the prime factors of 26948.
2, 6737
What are the prime factors of 846?
2, 3, 47
List the prime factors of 1047.
3, 349
What are the prime factors of 796?
2, 199
List the prime factors of 11065.
5, 2213
List the prime factors of 9172.
2, 2293
List the prime factors of 1666.
2, 7, 17
What are the prime factors of 5068?
2, 7, 181
List the prime factors of 16652.
2, 23, 181
What are the prime factors of 816?
2, 3, 17
What are the prime factors of 229?
229
List the prime factors of 2637.
3, 293
List the prime factors of 1387.
19, 73
List the prime factors of 2352.
2, 3, 7
List the prime factors of 6015.
3, 5, 401
List the prime factors of 3996.
2, 3, 37
What are the prime factors of 50400?
2, 3, 5, 7
What are the prime factors of 3428?
2, 857
List the prime factors of 33985.
5, 7, 971
What are the prime factors of 3552?
2, 3, 37
List the prime factors of 5430.
2, 3, 5, 181
What are the prime factors of 2917?
2917
What are the prime factors of 1725?
3, 5, 23
What are the prime factors of 475?
5, 19
What are the prime factors of 6413?
11, 53
What are the prime factors of 714?
2, 3, 7, 17
What are the prime factors of 94828?
2, 151, 157
List the prime factors of 48768.
2, 3, 127
List the prime factors of 19538.
2, 9769
What are the prime factors of 1633?
23, 71
What are the prime factors of 41073?
3, 13691
List the prime factors of 45646.
2, 29, 787
What are the prime factors of 23679?
3, 877
What are the prime factors of 10352?
2, 647
List the prime factors of 6046.
2, 3023
What are the prime factors of 21349?
37, 577
List the prime factors of 19008.
2, 3, 11
What are the prime factors of 3206?
2, 7, 229
List the prime factors of 45215.
5, 9043
What are the prime factors of 10813?
11, 983
What are the prime factors of 1652?
2, 7, 59
List the prime factors of 4051.
4051
What are the prime factors of 112612?
2, 47, 599
List the prime factors of 98.
2, 7
What are the prime factors of 1782?
2, 3, 11
What are the prime factors of 101781?
3, 43, 263
List the prime factors of 13291.
13291
List the prime factors of 3234.
2, 3, 7, 11
What are the prime factors of 3940?
2, 5, 197
List the prime factors of 6045.
3, 5, 13, 31
List the prime factors of 62184.
2, 3, 2591
What are the prime factors of 7656?
2, 3, 11, 29
List the prime factors of 105.
3, 5, 7
What are the prime factors of 3743?
19, 197
List the prime factors of 12689.
12689
List the prime factors of 9880.
2, 5, 13, 19
What are the prime factors of 6885?
3, 5, 17
What are the prime factors of 2781?
3, 103
What are the prime factors of 6802?
2, 19, 179
What are the prime factors of 318?
2, 3, 53
What are the prime factors of 13066?
2, 47, 139
List the prime factors of 43029.
3, 7, 683
What are the prime factors of 1741?
1741
List the prime factors of 165365.
5, 33073
What are the prime factors of 52091?
13, 4007
List the prime factors of 23044.
2, 7, 823
What are the prime factors of 8842?
2, 4421
List the prime factors of 5189.
5189
List the prime factors of 559.
13, 43
List the prime factors of 22827.
3, 7, 1087
What are the prime factors of 24700?
2, 5, 13, 19
List the prime factors of 3501.
3, 389
List the prime factors of 2602.
2, 1301
What are the prime factors of 858?
2, 3, 11, 13
List the prime factors of 58031.
58031
What are the prime factors of 3334?
2, 1667
What are the prime factors of 927?
3, 103
What are the prime factors of 13594?
2, 7, 971
What are the prime factors of 619?
619
List the prime factors of 10444.
2, 7, 373
What are the prime factors of 21739?
21739
List the prime factors of 34290.
2, 3, 5, 127
List the prime factors of 2012.
2, 503
List the prime factors of 6387.
3, 2129
What are the prime factors of 1245?
3, 5, 83
List the prime factors of 616.
2, 7, 11
List the prime factors of 140.
2, 5, 7
List the prime factors of 10788.
2, 3, 29, 31
List the prime factors of 617.
617
What are the prime factors of 13313?
13313
What are the prime factors of 137863?
11, 83, 151
What are the prime factors of 2658?
2, 3, 443
List the prime factors of 71304.
2, 3, 2971
List the prime factors of 15395.
5, 3079
List the prime factors of 14998.
2, 7499
List the prime factors of 37588.
2, 9397
What are the prime factors of 2164?
2, 541
List the prime factors of 1654.
2, 827
List the prime factors of 135.
3, 5
List the prime factors of 928.
2, 29
What are the prime factors of 205?
5, 41
What are the prime factors of 6043?
6043
What are the prime factors of 29863?
29863
List the prime factors of 14371.
7, 2053
What are the prime factors of 70938?
2, 3, 7, 563
List the prime factors of 148.
2, 37
What are the prime factors of 84710?
2, 5, 43, 197
List the prime factors of 333.
3, 37
List the prime factors of 21711.
3, 7237
List the prime factors of 6929.
13, 41
List the prime factors of 9742.
2, 4871
What are the prime factors of 1132?
2, 283
List the prime factors of 6644.
2, 11, 151
What are the prime factors of 18012?
2, 3, 19, 79
What are the prime factors of 815?
5, 163
What are the prime factors of 49331?
49331
List the prime factors of 6448.
2, 13, 31
What are the prime factors of 36819?
3, 4091
What are the prime factors of 2013?
3, 11, 61
List the prime factors of 13873.
13873
List the prime factors of 75250.
2, 5, 7, 43
What are the prime factors of 59077?
59077
What are the prime factors of 51515?
5, 10303
List the prime factors of 346.
2, 173
List the prime factors of 2198.
2, 7, 157
List the prime factors of 2023.
7, 17
What are the prime factors of 107440?
2, 5, 17, 79
List the prime factors of 9461.
9461
List the prime factors of 371.
7, 53
What are the prime factors of 43845?
3, 5, 37, 79
What are the prime factors of 5064